{"id":44,"date":"2026-01-25T18:24:28","date_gmt":"2026-01-25T17:24:28","guid":{"rendered":"http:\/\/192.168.1.40\/wordpress\/?page_id=44"},"modified":"2026-03-25T13:41:25","modified_gmt":"2026-03-25T13:41:25","slug":"contact","status":"publish","type":"page","link":"https:\/\/occs.fr\/index.php\/contact\/","title":{"rendered":"Contact"},"content":{"rendered":"\n<p><strong><mark style=\"background-color:rgba(0, 0, 0, 0);color:#cf2e2e\" class=\"has-inline-color\">LE CLUB OCCS NE FAIT PAS DE LOCATION DE BATEAU, NI DE PRET DE MATERIEL.<\/mark><\/strong><\/p>\n\n\n\n<p><\/p>\n\n\n\n<p>Envoyer votre demande par mail \u00e0 occs.sevran@yahoo.fr<\/p>\n\n\n\n<h1 class=\"wp-block-heading\">O\u00f9 nous trouver<\/h1>\n\n\n\n<p><a href=\"mailto:?subject=O%C3%B9%20nous%20trouver&amp;body=https:\/\/occs.clubeo.com\/page\/ou-nous-trouver.html\" target=\"_blank\" rel=\"noreferrer noopener\"><\/a><\/p>\n\n\n\n<p>Le club est situ\u00e9 sur la rive gauche du canal de l\u2019Ourcq, entre le gymnase Victor Hugo et l\u2019\u00e9cluse, dans le quartier des Tr\u00e8fles.<\/p>\n\n\n\n<p>&nbsp;<em>(cliquez sur la carte)<\/em><\/p>\n\n\n\n<figure class=\"wp-block-image is-resized\"><a href=\"https:\/\/www.google.fr\/maps\/place\/31+Bd+de+la+R%C3%A9publique,+93270+Sevran\/@48.9332253,2.5256639,17z\/data=!3m1!4b1!4m15!1m8!3m7!1s0x47e6147586bde4dd:0x64de25b515cddfd9!2s31+Bd+de+la+R%C3%A9publique,+93270+Sevran!3b1!8m2!3d48.9332218!4d2.5282442!16s%2Fg%2F11c4xgszvm!3m5!1s0x47e6147586bde4dd:0x64de25b515cddfd9!8m2!3d48.9332218!4d2.5282442!16s%2Fg%2F11c4xgszvm!5m1!1e1?entry=ttu&amp;g_ep=EgoyMDI2MDMxOC4xIKXMDSoASAFQAw%3D%3D\" target=\"_blank\" rel=\"noreferrer noopener\"><img decoding=\"async\" src=\"https:\/\/s2.static-clubeo.com\/uploads\/occs\/Medias\/Map__nqd2ib.JPG\" alt=\"MAP\" style=\"width:1027px;height:auto\"\/><\/a><\/figure>\n\n\n\n<p><br><br>&nbsp;<strong>****** ATTENTION LE CLUB NE PROPOSE PAS DE LOCATION **********<\/strong><\/p>\n\n\n\n<h4 class=\"wp-block-heading\"><strong><em>31 Boulevard de la R\u00e9publique,<br>\u00a0\u00e0 Sevran (93270).<\/em><\/strong><\/h4>\n\n\n\n<p><em><a href=\"https:\/\/www.google.fr\/maps\/place\/31+Bd+de+la+R%C3%A9publique,+93270+Sevran\/@48.9332253,2.5256639,17z\/data=!3m1!4b1!4m15!1m8!3m7!1s0x47e6147586bde4dd:0x64de25b515cddfd9!2s31+Bd+de+la+R%C3%A9publique,+93270+Sevran!3b1!8m2!3d48.9332218!4d2.5282442!16s%2Fg%2F11c4xgszvm!3m5!1s0x47e6147586bde4dd:0x64de25b515cddfd9!8m2!3d48.9332218!4d2.5282442!16s%2Fg%2F11c4xgszvm!5m1!1e1?entry=ttu&amp;g_ep=EgoyMDI2MDMxOC4xIKXMDSoASAFQAw%3D%3D\" data-type=\"link\" data-id=\"https:\/\/www.google.fr\/maps\/place\/31+Bd+de+la+R%C3%A9publique,+93270+Sevran\/@48.9332253,2.5256639,17z\/data=!3m1!4b1!4m15!1m8!3m7!1s0x47e6147586bde4dd:0x64de25b515cddfd9!2s31+Bd+de+la+R%C3%A9publique,+93270+Sevran!3b1!8m2!3d48.9332218!4d2.5282442!16s%2Fg%2F11c4xgszvm!3m5!1s0x47e6147586bde4dd:0x64de25b515cddfd9!8m2!3d48.9332218!4d2.5282442!16s%2Fg%2F11c4xgszvm!5m1!1e1?entry=ttu&amp;g_ep=EgoyMDI2MDMxOC4xIKXMDSoASAFQAw%3D%3D\">(cliquez sur la carte)<\/a><\/em><a href=\"https:\/\/www.google.fr\/maps\/place\/31+Boulevard+de+la+R%C3%A9publique,+93270+Sevran\/@48.9330026,2.5278046,17z\/data=!3m1!4b1!4m7!1m4!3m3!1s0x47e61475882dd145:0xb35843c64555b693!2s31+Boulevard+de+la+R%C3%A9publique,+93270+Sevran!3b1!3m1!1s0x47e61475882dd145:0xb35843c64555b693\" target=\"_blank\" rel=\"noreferrer noopener\"><\/a><\/p>\n\n\n\n<p><strong>Les Acc\u00e8s<\/strong><strong>&nbsp;:<br><\/strong><\/p>\n\n\n\n<ul class=\"wp-block-list\">\n<li><strong><em>A Pied: &nbsp;&nbsp;<\/em><\/strong>depuis le centre-ville via la passerelle de l\u2019\u00e9cluse.<\/li>\n\n\n\n<li><strong><em>En V\u00e9lo: &nbsp;&nbsp;<\/em><\/strong>par la piste cyclable qui longe le canal (PK 13,6)<\/li>\n\n\n\n<li><strong><em>En transport<\/em><\/strong><strong>: &nbsp;<\/strong>RER B Gare Sevran-Livry, et longer le canal<\/li>\n\n\n\n<li><strong><em>En voiture: &nbsp;<\/em><\/strong>Sevran sud, quartier des Tr\u00e8fles&nbsp;(parking parvis Victor Hugo Lamartine)<\/li>\n<\/ul>\n\n\n\n<figure class=\"wp-block-image\"><img decoding=\"async\" src=\"https:\/\/s2.static-clubeo.com\/uploads\/occs\/Medias\/Plan_g%C3%A9n%C3%A9ral_du_territoire_que_traverse_le_canal_de_d%C3%A9rivation_de_l%E2%80%99Ourcq_-_Archives_nationales_-_AF-IV-1055__srdhiz.jpg\" alt=\"\"\/><\/figure>\n\n\n\n<p><a href=\"https:\/\/www.wikiwand.com\/fr\/articles\/Canal_de_l%27Ourcq\"><strong>Site retra\u00e7ant l&rsquo;historique du canal de l&rsquo;Ourcq<\/strong><\/a><\/p>\n\n\n\n<div class=\"wp-block-group alignfull has-global-padding is-layout-constrained wp-container-core-group-is-layout-eb524166 wp-block-group-is-layout-constrained\" style=\"padding-top:var(--wp--preset--spacing--40);padding-right:var(--wp--preset--spacing--30);padding-bottom:var(--wp--preset--spacing--40);padding-left:var(--wp--preset--spacing--30)\"><\/div>\n\n\n\n<div class=\"wp-block-group alignfull has-background-color has-global-padding is-layout-constrained wp-container-core-group-is-layout-5d2f8bdc wp-block-group-is-layout-constrained\" style=\"margin-top:0;margin-bottom:0;padding-top:var(--wp--preset--spacing--40);padding-right:var(--wp--preset--spacing--30);padding-bottom:var(--wp--preset--spacing--40);padding-left:var(--wp--preset--spacing--30)\">\n<div class=\"wp-block-group alignwide is-content-justification-space-between is-layout-flex wp-container-core-group-is-layout-b585a4aa wp-block-group-is-layout-flex\">\n<div class=\"wp-block-group is-layout-flex wp-block-group-is-layout-flex\"><nav class=\"has-small-font-size is-responsive items-justified-left wp-block-navigation is-content-justification-left is-layout-flex wp-container-core-navigation-is-layout-8eed085e wp-block-navigation-is-layout-flex\" aria-label=\"Navigation\" \n\t\t data-wp-interactive=\"core\/navigation\" data-wp-context='{\"overlayOpenedBy\":{\"click\":false,\"hover\":false,\"focus\":false},\"type\":\"overlay\",\"roleAttribute\":\"\",\"ariaLabel\":\"Menu\"}'><button aria-haspopup=\"dialog\" aria-label=\"Ouvrir le menu\" class=\"wp-block-navigation__responsive-container-open\" \n\t\t\t\tdata-wp-on--click=\"actions.openMenuOnClick\"\n\t\t\t\tdata-wp-on--keydown=\"actions.handleMenuKeydown\"\n\t\t\t><svg width=\"24\" height=\"24\" xmlns=\"http:\/\/www.w3.org\/2000\/svg\" viewBox=\"0 0 24 24\" aria-hidden=\"true\" focusable=\"false\"><path d=\"M4 7.5h16v1.5H4z\"><\/path><path d=\"M4 15h16v1.5H4z\"><\/path><\/svg><\/button>\n\t\t\t\t<div class=\"wp-block-navigation__responsive-container\"  id=\"modal-1\" \n\t\t\t\tdata-wp-class--has-modal-open=\"state.isMenuOpen\"\n\t\t\t\tdata-wp-class--is-menu-open=\"state.isMenuOpen\"\n\t\t\t\tdata-wp-watch=\"callbacks.initMenu\"\n\t\t\t\tdata-wp-on--keydown=\"actions.handleMenuKeydown\"\n\t\t\t\tdata-wp-on--focusout=\"actions.handleMenuFocusout\"\n\t\t\t\ttabindex=\"-1\"\n\t\t\t>\n\t\t\t\t\t<div class=\"wp-block-navigation__responsive-close\" tabindex=\"-1\">\n\t\t\t\t\t\t<div class=\"wp-block-navigation__responsive-dialog\" \n\t\t\t\tdata-wp-bind--aria-modal=\"state.ariaModal\"\n\t\t\t\tdata-wp-bind--aria-label=\"state.ariaLabel\"\n\t\t\t\tdata-wp-bind--role=\"state.roleAttribute\"\n\t\t\t>\n\t\t\t\t\t\t\t<button aria-label=\"Fermer le menu\" class=\"wp-block-navigation__responsive-container-close\" \n\t\t\t\tdata-wp-on--click=\"actions.closeMenuOnClick\"\n\t\t\t><svg xmlns=\"http:\/\/www.w3.org\/2000\/svg\" viewBox=\"0 0 24 24\" width=\"24\" height=\"24\" aria-hidden=\"true\" focusable=\"false\"><path d=\"m13.06 12 6.47-6.47-1.06-1.06L12 10.94 5.53 4.47 4.47 5.53 10.94 12l-6.47 6.47 1.06 1.06L12 13.06l6.47 6.47 1.06-1.06L13.06 12Z\"><\/path><\/svg><\/button>\n\t\t\t\t\t\t\t<div class=\"wp-block-navigation__responsive-container-content\" \n\t\t\t\tdata-wp-watch=\"callbacks.focusFirstElement\"\n\t\t\t id=\"modal-1-content\">\n\t\t\t\t\t\t\t\t<ul class=\"wp-block-navigation__container has-small-font-size is-responsive items-justified-left wp-block-navigation has-small-font-size\"><li class=\"has-small-font-size wp-block-navigation-item wp-block-navigation-link\"><a class=\"wp-block-navigation-item__content\"  href=\"https:\/\/occs.fr\/index.php\/accueil\/\"><span class=\"wp-block-navigation-item__label\">Accueil<\/span><\/a><\/li><li class=\"has-small-font-size wp-block-navigation-item wp-block-navigation-link\"><a class=\"wp-block-navigation-item__content\"  href=\"https:\/\/occs.fr\/index.php\/activite-horaires\/\"><span class=\"wp-block-navigation-item__label\">Activit\u00e9 \/ Horaires<\/span><\/a><\/li><li class=\"has-small-font-size wp-block-navigation-item wp-block-navigation-link\"><a class=\"wp-block-navigation-item__content\"  href=\"https:\/\/occs.fr\/index.php\/adhesion-inscription\/\"><span class=\"wp-block-navigation-item__label\">Adh\u00e9sion\/Inscription<\/span><\/a><\/li><li class=\"has-small-font-size wp-block-navigation-item wp-block-navigation-link\"><a class=\"wp-block-navigation-item__content\"  href=\"https:\/\/occs.fr\/index.php\/comment-fontionne-le-club-occs\/\"><span class=\"wp-block-navigation-item__label\">Comment Fontionne le club OCCS<\/span><\/a><\/li><li class=\"has-small-font-size wp-block-navigation-item wp-block-navigation-link\"><a class=\"wp-block-navigation-item__content\"  href=\"https:\/\/occs.fr\/index.php\/contact\/\"><span class=\"wp-block-navigation-item__label\">Contact<\/span><\/a><\/li><li class=\"has-small-font-size wp-block-navigation-item wp-block-navigation-link\"><a class=\"wp-block-navigation-item__content\"  href=\"https:\/\/occs.fr\/index.php\/nos-partenaires\/\"><span class=\"wp-block-navigation-item__label\">Nos partenaires<\/span><\/a><\/li><li class=\"has-small-font-size wp-block-navigation-item wp-block-navigation-link\"><a class=\"wp-block-navigation-item__content\"  href=\"https:\/\/occs.fr\/index.php\/kesaoko\/\"><span class=\"wp-block-navigation-item__label\">Qui sommes nous&#8230;<\/span><\/a><\/li><li class=\"has-small-font-size wp-block-navigation-item wp-block-navigation-link\"><a class=\"wp-block-navigation-item__content\"  href=\"https:\/\/www.facebook.com\/occs.sevran\/\" target=\"_blank\"  ><span class=\"wp-block-navigation-item__label\">FBook (Actualit\u00e9s)<\/span><\/a><\/li><\/ul>\n\t\t\t\t\t\t\t<\/div>\n\t\t\t\t\t\t<\/div>\n\t\t\t\t\t<\/div>\n\t\t\t\t<\/div><\/nav><\/div>\n\n\n\n<p class=\"has-small-font-size\"> Proudly powered by <a rel=\"nofollow\" href=\"https:\/\/wordpress.org\">WordPress<\/a> <\/p>\n<\/div>\n<\/div>\n","protected":false},"excerpt":{"rendered":"<p>LE CLUB OCCS NE FAIT PAS DE LOCATION DE BATEAU, NI DE PRET DE MATERIEL. Envoyer votre demande par mail \u00e0 occs.sevran@yahoo.fr O\u00f9 nous trouver Le club est situ\u00e9 sur la rive gauche du canal de l\u2019Ourcq, entre le gymnase Victor Hugo et l\u2019\u00e9cluse, dans le quartier des Tr\u00e8fles. &nbsp;(cliquez sur la carte) &nbsp;****** ATTENTION [&hellip;]<\/p>\n","protected":false},"author":1,"featured_media":0,"parent":0,"menu_order":0,"comment_status":"closed","ping_status":"closed","template":"","meta":{"footnotes":""},"class_list":["post-44","page","type-page","status-publish","hentry"],"_links":{"self":[{"href":"https:\/\/occs.fr\/index.php\/wp-json\/wp\/v2\/pages\/44","targetHints":{"allow":["GET"]}}],"collection":[{"href":"https:\/\/occs.fr\/index.php\/wp-json\/wp\/v2\/pages"}],"about":[{"href":"https:\/\/occs.fr\/index.php\/wp-json\/wp\/v2\/types\/page"}],"author":[{"embeddable":true,"href":"https:\/\/occs.fr\/index.php\/wp-json\/wp\/v2\/users\/1"}],"replies":[{"embeddable":true,"href":"https:\/\/occs.fr\/index.php\/wp-json\/wp\/v2\/comments?post=44"}],"version-history":[{"count":1,"href":"https:\/\/occs.fr\/index.php\/wp-json\/wp\/v2\/pages\/44\/revisions"}],"predecessor-version":[{"id":280,"href":"https:\/\/occs.fr\/index.php\/wp-json\/wp\/v2\/pages\/44\/revisions\/280"}],"wp:attachment":[{"href":"https:\/\/occs.fr\/index.php\/wp-json\/wp\/v2\/media?parent=44"}],"curies":[{"name":"wp","href":"https:\/\/api.w.org\/{rel}","templated":true}]}}